when 2 is divided by g.
0
Let m(o) = 11*o - 3. Let x(z) = z**3 - 3*z**2 + 8*z + 16. What is the remainder when m(6) is divided by x(0)?
15
Suppose 3*d = 2*s - 0*s - 35, 3*d = -s - 5. Suppose 0*x - x = -s. Suppose 4*k - 124 + 8 = 0. What is the remainder when k is divided by x?
9
Suppose 26*u + 3 = 23*u. Calculate the remainder when 7 is divided by (-42)/(-12) - u/2.
3
Suppose 5*i - g + 2 = 11, 0 = 4*i + g. Let s be (7 - -2)*2/6. Suppose -s*u + n + 17 = 0, -4*u + 2*n - 5*n + i = 0. What is the remainder when u is divided by 2?
0
Suppose -5*l - 32 - 71 = -4*n, -2*n + 99 = -5*l. What is the remainder when (-2 + -1 - l)/2 is divided by 3?
2
Suppose -9*h = -12*h. Suppose t - 3*b - 24 = h, -4*b - 60 = -5*t - b. Calculate the remainder when 15 is divided by t.
6
Suppose 2*s = 20 + 14. Let j(h) = h**3 + 11*h**2 + 11*h + 13. Let y be j(-10). What is the remainder when 49 + 2/6*y is divided by s?
16
Let c(b) = 4*b - 6. Suppose -5*j = z - 8, -4*j + 10 = 2*z - z. Let p = z - 10. What is the remainder when c(p) is divided by 7?
5
Let u(z) = z**3 - z**2 + 3*z - 2. Suppose 5*t + 3*b = 32 - 9, -17 = -4*t - b. Suppose -h + t*h = 27. Calculate the remainder when u(3) is divided by h.
7
Let f be (8/6)/((-6)/(-27)). Let i = -4 + f. Suppose o - 1 = 3*p, -3*o + 18 = -2*p + i*o. What is the remainder when 1 is divided by p?
0
Let b = 67 + -38. What is the remainder when 141 is divided by b?
25
Suppose -4*s = 5*w - 112, 4*s = 2*s - 3*w + 54. Suppose 5*f - 42 = 3*o, 4*f - 2*o = o + s. Calculate the remainder when 17 is divided by f.
8
Suppose w + 5*a = a + 32, 0 = 3*w + 4*a - 128. Calculate the remainder when w is divided by 17.
14
What is the remainder when 8/36*6*15 is divided by 6?
2
Let o(u) = u**3 + 4*u**2 + 3*u. Let z be o(-2). Let m = z + 6. What is the remainder when 13 is divided by m?
5
Let a(h) = h**3 - 3*h**2 + 4*h - 3. Let l = 7 + -2. Suppose -3*y = -l*c + 22, -2*y + 4*c - 23 = -c. What is the remainder when y is divided by a(2)?
0
Suppose -4*a - 4*f = -212, -3*f - 246 = -4*a - 27. What is the remainder when a is divided by 14?
12
Let j(i) = i**3 + 4*i**2 - 5*i + 2. Let x be j(-5). Calculate the remainder when 31 is divided by (3*x)/((-12)/(-32)).
15
Suppose -2*w + 219 = 2*m + 3*m, m + 201 = 2*w. Let l = w - 40. What is the remainder when l is divided by 16?
14
Suppose -4*v + 4*w = -20, -5*w + 3 = 3*v - 20. Suppose -2*t = -0*t + 2*f - 4, 3*t = f + 6. Calculate the remainder when (8/v)/(4/6) is divided by t.
0
Suppose 3*u = 2*u + 1. Let g(s) = 13*s. Calculate the remainder when 23 is divided by g(u).
10
Calculate the remainder when 58 is divided by (-280)/21*(9/(-4))/1.
28
Let v = 3 - -41. Calculate the remainder when v is divided by 16.
12
Suppose -3*q + 2*y = -22, 3 = 2*q - 5*y - 8. Suppose 3*i - 2*i = d - 9, -3*i = -d + 11. What is the remainder when 93/4 - 2/q is divided by d?
7
Suppose -o + 2*a = -7, o - 3*a - 37 = -7*a. What is the remainder when 28 is divided by o?
11
Suppose -5*u = -i - 100, u - 4*u + 60 = i. Suppose 2*a = 2*h + 18, -2*h - 32 = 2*a - 6*a. Let t = a - -4. Calculate the remainder when u is divided by t.
9
Let b(u) = 4*u**2 + 6*u. What is the remainder when b(-4) is divided by 11?
7
Let k(p) be the first derivative of 5*p**2/2 - 8*p + 1. Let t be k(8). Suppose 0*m - t = -4*m. Calculate the remainder when 22 is divided by m.
6
Let u(c) = -8*c + 21. What is the remainder when u(-13) is divided by 32?
29
Let q(z) = -z**3 + z**2 + 8. Calculate the remainder when 14 is divided by q(0).
6
What is the remainder when (20/(-8))/(10/(-24)) is divided by 4?
2
Let l = -12 - -18. Suppose 29 = -4*s - w - 5, 0 = -2*s + 5*w - l. Let m = s + 11. Calculate the remainder when 7 is divided by m.
1
Suppose 0 = 5*d - o - 8, -2*d + 0*d = -4*o - 14. Suppose -s + 8 = -d. What is the remainder when 16 is divided by s?
7
Let j = 90 + -56. Calculate the remainder when 132 is divided by j.
30
Let x(u) = -u**3 - u**2 + u + 3. Let c be x(0). Let a = c - 2. What is the remainder when (-2 - 1)*(-8)/12 is divided by a?
0
Let u = 8 - 16. Let w = u - -18. What is the remainder when 28 is divided by w?
8
Calculate the remainder when 3/2 + (-6 - 412/(-8)) is divided by 13.
8
Suppose 12 = -4*y - 8. Let u(z) = 0 - 2 + 2 - 4 - z. Calculate the remainder when 1 is divided by u(y).
0
Suppose 3*d - 48 = -5*o, -o + 5*d + 0 = -4. Calculate the remainder when 35 is divided by o.
8
Let z = 29 + -13. What is the remainder when z is divided by 10?
6
What is the remainder when 60 is divided by (7 + -6)/((-1)/(-21))?
18
Let m(b) = 6*b**3 - 2*b**2 + b - 2. What is the remainder when m(2) is divided by (-1)/((-2)/4) - -12?
12
Suppose -137*f - 152 = -141*f. Calculate the remainder when f is divided by -1 - (0 + -1 + -13).
12
Suppose -3*j - 24 = -3. What is the remainder when (-12)/3*1*j is divided by 15?
13
Let v(u) = u - 10. What is the remainder when v(21) is divided by 4?
3
Suppose d = -4*d - 25. Let t(v) = 2*v - 2. Let g be t(3). What is the remainder when 78/g + d/(-10) is divided by 7?
6
Let q be (-14)/6 - 6/9. Let l(g) = -g**3 - g**2 - g + 2. Let b(k) = -k**3 - k**2 + k + 13. What is the remainder when l(q) is divided by b(0)?
10
Let c = -35 + 55. Let i = 5 + -21. Let k = 23 + i. What is the remainder when c is divided by k?
6
Let j = 46 + -17. Let v(i) = 40*i - 1. Let g be v(1). Suppose 3*o = -2*k - 0*o + g, o = -3*k + 48. Calculate the remainder when j is divided by k.
14
Let v(c) = -c. Calculate the remainder when v(-6) is divided by 4.
2
Suppose -u + 5*u = 188. What is the remainder when u is divided by 12?
11
Let t(l) be the first derivative of -5*l**2 + l + 2. Calculate the remainder when 20 is divided by t(-1).
9
Suppose -r + 13 + 3 = w, 4*r - 34 = 2*w. Let q(i) = i**2 - 7*i - 4. Let x be q(8). Suppose x*d - 35 = -23. What is the remainder when r is divided by d?
2
Let p(j) = j**2 + 13*j + 8. Let g be p(-12). Let z(t) = t**3 + 4*t**2 - 6*t - 3. What is the remainder when z(g) is divided by 6?
3
What is the remainder when 87 is divided by (-3*4/10)/(4/(-150))?
42
Calculate the remainder when 57 is divided by 561/27 + 10/45.
15
Suppose c + 5*b = 32, c - 3*b - 2 = 2*b. What is the remainder when 66 is divided by c?
15
Suppose 5*q = 3*f + 45 + 145, -55 = -q + 4*f. Calculate the remainder when q is divided by 9.
8
Suppose 5*q - 11 = -z, -190 = -5*z + 2*q - 0*q. Calculate the remainder when 142 is divided by z.
34
Suppose 2*r - 6*r + 114 = 2*q, 5*q + r - 294 = 0. Suppose 2*p + q - 197 = 0. What is the remainder when p is divided by 18?
15
Let o(a) = a**3 + 6*a**2 + 9. Calculate the remainder when 34 is divided by o(-6).
7
Let c(h) = 5*h + 1 - 3*h - 3*h. Let b(z) = -18*z + 8. Let i(r) = 2*b(r) - 18*c(r). What is the remainder when i(-2) is divided by 12?
10
Let u(g) = -g**2 + 5*g + 5 + 2 + 2*g**2. Calculate the remainder when u(-7) is divided by 11.
10
Suppose -4*n = -o - 31, 0 = -6*n + n + 2*o + 38. Calculate the remainder when 31 is divided by n.
7
Let x be (-1 - -1)/(0 - -2). Suppose -57 = -3*l + 3*t, -4*l + l - t + 53 = x. Let a = 208 + -203. Calculate the remainder when l is divided by a.
3
Let x(b) = b - 5. Let l be x(9). Let m(k) = 2*k + l + 0 - 1. What is the remainder when 36 is divided by m(8)?
17
Let j be (-10)/(-3)*(4 - 1). Let p(q) = -q. Let v be p(-3). Let r = v + j. What is the remainder when 38 is divided by r?
12
Let t(g) = 6*g + 6. What is the remainder when t(6) is divided by 15?
12
Let n be (-1 + 0)/(-2)*0. Let w(h) = h**3 - 5*h**2 - 4*h. Let x be w(6). Suppose 2*m - x = -n*m. Calculate the remainder when 11 is divided by m.
5
Let k(y) = -14*y - 5. Let o(q) = -5*q - 2. Let x(r) = -4*k(r) + 11*o(r). Let t be x(2). Let a = t + 4. What is the remainder when 11 is divided by a?
3
Let r = 80 + -75. What is the remainder when (-2)/(-2)*(13 - 0) is divided by r?
3
Let y(h) = 30*h - 2. Let l(v) = -v**3 + 5*v**2 - 3*v - 3. Let g be l(4). Suppose 3*d - 6*d = -30. What is the remainder when y(g) is divided by d?
8
Suppose 4*s - 3*s - 16 = -3*t, -s + 26 = 5*t. Calculate the remainder when 19 is divided by t.
4
Let v(k) = -k**2 + 21*k - 3. What is the remainder when 32 is divided by v(20)?
15
Suppose -5 - 5 = -y. Suppose 2*g - y = -0*g. Calculate the remainder when g*5*(1 - 0) is divided by 9.
7
Let i(c) be the first derivative of c**4/4 - c**3 - 2*c**2 + 6*c - 26. Supp